{"id":406,"date":"2022-11-27T22:37:25","date_gmt":"2022-11-27T22:37:25","guid":{"rendered":"https:\/\/varady-wp-wordpress.websection.hu\/?page_id=406"},"modified":"2022-11-29T19:58:37","modified_gmt":"2022-11-29T19:58:37","slug":"referenciak","status":"publish","type":"page","link":"https:\/\/varady.hu\/?page_id=406","title":{"rendered":"Referenci\u00e1k"},"content":{"rendered":"\t\t<div data-elementor-type=\"wp-page\" data-elementor-id=\"406\" class=\"elementor elementor-406\" data-elementor-post-type=\"page\">\n\t\t\t\t\t\t\t\t\t<section class=\"elementor-section elementor-top-section elementor-element elementor-element-198f040b elementor-section-boxed elementor-section-height-default elementor-section-height-default\" data-id=\"198f040b\" data-element_type=\"section\">\n\t\t\t\t\t\t<div class=\"elementor-container elementor-column-gap-default\">\n\t\t\t\t\t<div class=\"aux-parallax-section elementor-column elementor-col-100 elementor-top-column elementor-element elementor-element-634fa246\" data-id=\"634fa246\" data-element_type=\"column\">\n\t\t\t<div class=\"elementor-widget-wrap elementor-element-populated\">\n\t\t\t\t\t\t\t\t<div class=\"elementor-element elementor-element-6888998a elementor-widget elementor-widget-text-editor\" data-id=\"6888998a\" data-element_type=\"widget\" data-widget_type=\"text-editor.default\">\n\t\t\t\t<div class=\"elementor-widget-container\">\n\t\t\t<style>\/*! elementor - v3.17.0 - 08-11-2023 *\/\n.elementor-widget-text-editor.elementor-drop-cap-view-stacked .elementor-drop-cap{background-color:#69727d;color:#fff}.elementor-widget-text-editor.elementor-drop-cap-view-framed .elementor-drop-cap{color:#69727d;border:3px solid;background-color:transparent}.elementor-widget-text-editor:not(.elementor-drop-cap-view-default) .elementor-drop-cap{margin-top:8px}.elementor-widget-text-editor:not(.elementor-drop-cap-view-default) .elementor-drop-cap-letter{width:1em;height:1em}.elementor-widget-text-editor .elementor-drop-cap{float:left;text-align:center;line-height:1;font-size:50px}.elementor-widget-text-editor .elementor-drop-cap-letter{display:inline-block}<\/style>\t\t\t\t<!-- wp:paragraph -->\n<h2>Referenci\u00e1k bemutat\u00e1sa<\/h2>\n<!-- \/wp:paragraph -->\t\t\t\t\t\t<\/div>\n\t\t\t\t<\/div>\n\t\t\t\t<div class=\"elementor-element elementor-element-f6acaaf elementor-widget elementor-widget-text-editor\" data-id=\"f6acaaf\" data-element_type=\"widget\" data-widget_type=\"text-editor.default\">\n\t\t\t\t<div class=\"elementor-widget-container\">\n\t\t\t\t\t\t\t<p>Saj\u00e1t referenciak\u00e9nt eml\u00edthetem, hogy orsz\u00e1gszerte <b>35 Dinitrol korr\u00f3zi\u00f3v\u00e9delmi \u00e1llom\u00e1s<\/b> be\u00fczemel\u00e9s\u00e9t \u00e9s m\u0171k\u00f6d\u00e9s\u00e9t ir\u00e1ny\u00edtottam, illetve seg\u00edtettem.&nbsp;<\/p>\n<p><b>R\u00e9gi \u00fcgyfeleim k\u00f6z\u00e9 tartozott t\u00f6bbek k\u00f6z\u00f6tt:&nbsp;<\/b><\/p>\n<ul>\n<li>IKARUS RT<\/li>\n<li>IKARUSZ EAG KFT<\/li>\n<li>NABI KFT<\/li>\n<li>ALFA BUSZ 2002 KFT<\/li>\n<li>KISALF\u00d6LD VOL\u00c1N ZRT<\/li>\n<li>JBUSZ KFT<\/li>\n<\/ul>\n<p><b>Jelenleg t\u00f6bb mint 48 c\u00e9gnek sz\u00e1ll\u00edtok anyagokat vagy eszk\u00f6z\u00f6ket.<\/b>&nbsp;<\/p>\n<p><b>Ezek k\u00f6z\u00fcl a legnagyobbak:&nbsp;<\/b><\/p>\n<ul>\n<li>R\u00c1BA FUT\u00d3M\u0170 KFT<\/li>\n<li>MAGYAR SUZUKI ZRT<\/li>\n<li>LUFTHANSA TECHNIK BUDAPEST KFT<\/li>\n<li>BYD ELECTRIC BUS &amp; TRUCK HUNGARY KFT&nbsp;<\/li>\n<li>INTER TRACTION ELECTRICS KFT<\/li>\n<li>BKV VAS\u00daTI J\u00c1RM\u0170JAV\u00cdT\u00d3 KFT<\/li>\n<li>VOL\u00c1NBUSZ K\u00d6ZLEKED\u00c9SI ZRT<\/li>\n<li>PLC JAVSZER KFT<\/li>\n<\/ul>\t\t\t\t\t\t<\/div>\n\t\t\t\t<\/div>\n\t\t\t\t\t<\/div>\n\t\t<\/div>\n\t\t\t\t\t\t\t<\/div>\n\t\t<\/section>\n\t\t\t\t\t\t\t<\/div>\n\t\t","protected":false},"excerpt":{"rendered":"<p>Referenci\u00e1k bemutat\u00e1sa Saj\u00e1t referenciak\u00e9nt eml\u00edthetem, hogy orsz\u00e1gszerte 35 Dinitrol korr\u00f3zi\u00f3v\u00e9delmi \u00e1llom\u00e1s be\u00fczemel\u00e9s\u00e9t \u00e9s m\u0171k\u00f6d\u00e9s\u00e9t ir\u00e1ny\u00edtottam, illetve seg\u00edtettem.&nbsp; R\u00e9gi \u00fcgyfeleim k\u00f6z\u00e9 tartozott t\u00f6bbek k\u00f6z\u00f6tt:&nbsp; IKARUS RT IKARUSZ EAG KFT NABI KFT ALFA BUSZ 2002 KFT KISALF\u00d6LD VOL\u00c1N ZRT JBUSZ KFT Jelenleg t\u00f6bb mint 48 c\u00e9gnek sz\u00e1ll\u00edtok anyagokat vagy eszk\u00f6z\u00f6ket.&nbsp; Ezek k\u00f6z\u00fcl a legnagyobbak:&nbsp; R\u00c1BA FUT\u00d3M\u0170 KFT [&hellip;]<\/p>\n","protected":false},"author":1,"featured_media":0,"parent":0,"menu_order":0,"comment_status":"closed","ping_status":"closed","template":"","meta":{"footnotes":""},"class_list":["post-406","page","type-page","status-publish","hentry"],"_links":{"self":[{"href":"https:\/\/varady.hu\/index.php?rest_route=\/wp\/v2\/pages\/406","targetHints":{"allow":["GET"]}}],"collection":[{"href":"https:\/\/varady.hu\/index.php?rest_route=\/wp\/v2\/pages"}],"about":[{"href":"https:\/\/varady.hu\/index.php?rest_route=\/wp\/v2\/types\/page"}],"author":[{"embeddable":true,"href":"https:\/\/varady.hu\/index.php?rest_route=\/wp\/v2\/users\/1"}],"replies":[{"embeddable":true,"href":"https:\/\/varady.hu\/index.php?rest_route=%2Fwp%2Fv2%2Fcomments&post=406"}],"version-history":[{"count":7,"href":"https:\/\/varady.hu\/index.php?rest_route=\/wp\/v2\/pages\/406\/revisions"}],"predecessor-version":[{"id":710,"href":"https:\/\/varady.hu\/index.php?rest_route=\/wp\/v2\/pages\/406\/revisions\/710"}],"wp:attachment":[{"href":"https:\/\/varady.hu\/index.php?rest_route=%2Fwp%2Fv2%2Fmedia&parent=406"}],"curies":[{"name":"wp","href":"https:\/\/api.w.org\/{rel}","templated":true}]}}